e the greatest common factor of 209 and 22.
11
Calculate the greatest common factor of 78 and 642.
6
What is the highest common factor of 3684 and 4?
4
Calculate the greatest common divisor of 180 and 162.
18
Calculate the greatest common factor of 2524 and 32.
4
Calculate the highest common factor of 8 and 36.
4
Calculate the highest common divisor of 504 and 192.
24
Calculate the greatest common divisor of 238 and 3808.
238
Calculate the highest common divisor of 40 and 1300.
20
Calculate the highest common divisor of 17057 and 74.
37
Calculate the greatest common factor of 45 and 1125.
45
Calculate the greatest common divisor of 24 and 63.
3
What is the highest common divisor of 962 and 26?
26
Calculate the highest common divisor of 6572 and 1612.
124
Calculate the greatest common divisor of 20 and 25.
5
Calculate the highest common divisor of 540 and 150.
30
Calculate the greatest common divisor of 304 and 76.
76
Calculate the greatest common divisor of 133 and 114.
19
Calculate the highest common divisor of 189 and 12033.
63
What is the greatest common factor of 8 and 8?
8
Calculate the highest common divisor of 6 and 45.
3
What is the greatest common divisor of 762 and 42?
6
Calculate the highest common divisor of 5368 and 88.
88
What is the highest common divisor of 79 and 1027?
79
Calculate the highest common divisor of 24 and 246.
6
What is the greatest common divisor of 32 and 6112?
32
Calculate the greatest common factor of 200 and 900.
100
Calculate the greatest common factor of 183 and 6.
3
Calculate the highest common factor of 248 and 6882.
62
What is the highest common factor of 44110 and 220?
110
Calculate the highest common factor of 204 and 78.
6
What is the greatest common divisor of 2516 and 296?
148
Calculate the highest common factor of 78 and 129324.
78
Calculate the greatest common divisor of 39 and 1963.
13
Calculate the greatest common divisor of 5 and 4820.
5
Calculate the greatest common factor of 102 and 2074.
34
Calculate the highest common factor of 292 and 11826.
146
What is the greatest common divisor of 2085 and 15?
15
Calculate the greatest common factor of 949 and 1241.
73
Calculate the greatest common factor of 5 and 445.
5
What is the greatest common factor of 216 and 48?
24
Calculate the highest common divisor of 646 and 38.
38
Calculate the greatest common factor of 30 and 260.
10
Calculate the greatest common factor of 568 and 72.
8
What is the greatest common factor of 91 and 28?
7
What is the greatest common factor of 41295 and 15?
15
Calculate the highest common divisor of 15352 and 456.
152
What is the greatest common factor of 1174 and 2?
2
Calculate the greatest common divisor of 94 and 329.
47
Calculate the greatest common divisor of 11 and 1661.
11
What is the highest common divisor of 266 and 70?
14
Calculate the highest common factor of 372 and 12.
12
What is the highest common factor of 384 and 480?
96
Calculate the highest common divisor of 340 and 40.
20
What is the greatest common factor of 3 and 13392?
3
Calculate the greatest common factor of 861 and 2214.
123
What is the highest common factor of 27 and 8037?
9
Calculate the greatest common factor of 654 and 66.
6
What is the greatest common factor of 550 and 200?
50
What is the highest common divisor of 26 and 1404?
26
Calculate the greatest common factor of 72 and 744.
24
What is the greatest common factor of 910 and 26?
26
Calculate the highest common divisor of 1030 and 20.
10
What is the greatest common factor of 96 and 6?
6
What is the highest common divisor of 22 and 1210?
22
What is the highest common factor of 247 and 143?
13
What is the greatest common divisor of 240 and 1472?
16
Calculate the highest common factor of 124 and 2294.
62
What is the highest common divisor of 120 and 160?
40
What is the highest common factor of 707 and 303?
101
What is the greatest common factor of 81 and 15390?
81
Calculate the greatest common divisor of 143 and 11.
11
What is the greatest common factor of 2893 and 11?
11
Calculate the highest common divisor of 10 and 170.
10
Calculate the greatest common factor of 8 and 108.
4
Calculate the greatest common divisor of 48 and 272.
16
Calculate the highest common divisor of 45 and 2655.
45
Calculate the greatest common factor of 40 and 160.
40
What is the greatest common factor of 428 and 68?
4
Calculate the highest common divisor of 114 and 12882.
114
Calculate the highest common divisor of 36 and 7596.
36
Calculate the greatest common divisor of 22 and 1078.
22
What is the greatest common factor of 228 and 57?
57
What is the greatest common divisor of 183 and 5185?
61
What is the highest common factor of 220 and 132?
44
What is the greatest common divisor of 46 and 47196?
46
Calculate the highest common divisor of 164 and 32.
4
Calculate the highest common divisor of 96 and 192.
96
What is the highest common factor of 24931 and 107?
107
Calculate the highest common factor of 258 and 12.
6
What is the highest common divisor of 1600 and 80?
80
What is the highest common factor of 28 and 350?
14
Calculate the highest common factor of 18276 and 36.
12
What is the greatest common divisor of 231 and 77?
77
What is the greatest common divisor of 32 and 32?
32
What is the highest common divisor of 42 and 539?
7
Calculate the highest common divisor of 47 and 423.
47
Calculate the highest common divisor of 13 and 169.
13
Calculate the greatest common divisor of 228 and 9.
3
What is the greatest common divisor of 1349 and 142?
71
Calculate the highest common factor of 10990 and 28.
14
What is the greatest common divisor of 12 and 6804?
12
What is the greatest common divisor of 3959 and 111?
37
Calculate the highest common factor of 224 and 256.
32
What is the highest common factor of 16 and 32?
16
What is the greatest common divisor of 221 and 832?
13
Calculate the greatest common divisor of 247 and 57.
19
Calculate the greatest common factor of 13836 and 12.
12
Calculate the highest common factor of 153 and 10251.
153
Calculate the highest common factor of 2988 and 40.
4
Calculate the greatest common divisor of 2 and 6.
2
What is the greatest common factor of 43395 and 165?
165
Calculate the greatest common divisor of 2672 and 48.
16
What is the highest common factor of 4864 and 323?
19
Calculate the highest common divisor of 392 and 56.
56
Calculate the highest common factor of 528 and 33.
33
Calculate the greatest common divisor of 112 and 14.
14
Calculate the greatest common factor of 473 and 172.
43
What is the greatest common divisor of 3682 and 14?
14
Calculate the highest common factor of 90 and 9.
9
Calculate the greatest common factor of 100 and 4300.
100
What is the highest common divisor of 8 and 5?
1
Calculate the greatest common factor of 144 and 333.
9
Calculate the greatest common factor of 26 and 351.
13
What is the highest common divisor of 19 and 24301?
19
What is the highest common factor of 134 and 10854?
134
Calculate the highest common factor of 21 and 273.
21
What is the greatest common factor of 85 and 4930?
85
Calculate the greatest common factor of 55 and 33.
11
Calculate the highest common divisor of 168 and 231.
21
What is the greatest common divisor of 2640 and 4560?
240
What is the greatest common factor of 336 and 1104?
48
What is the highest common factor of 208 and 3232?
16
Calculate the greatest common factor of 959 and 822.
137
Calculate the greatest common divisor of 18 and 5778.
18
What is the highest common divisor of 3146 and 22?
22
Calculate the greatest common divisor of 12545 and 13.
13
What is the greatest common factor of 6950 and 30?
10
What is the greatest common divisor of 11 and 2827?
11
Calculate the greatest common divisor of 80 and 430.
10
Calculate the greatest common factor of 47 and 4747.
47
What is the highest common factor of 112 and 4620?
28
Calculate the highest common factor of 26 and 50.
2
What is the greatest common divisor of 7 and 47?
1
What is the greatest common factor of 119 and 41293?
119
Calculate the greatest common factor of 1357 and 23.
23
Calculate the highest common divisor of 38 and 10.
2
What is the greatest common factor of 126 and 1818?
18
What is the highest common divisor of 168 and 1092?
84
Calculate the highest common div